9)/t. List the prime factors of k(m).
2, 7
Let c(x) = x**2 + 8*x - 32. Let v(a) = -a**2 - 2*a. Let w(f) = -c(f) - 5*v(f). List the prime factors of w(-12).
2, 73
Let p be ((-5)/(-75)*-5)/(2/(-24)). Suppose 4*b - 1213 = 2*g - 43, p*g + 4 = 0. List the prime factors of b.
2, 73
Suppose -13*b + 9*b + 2092 = 0. Suppose -5*a + 294 + b = -2*o, a - 181 = -4*o. Let x = a - 68. List the prime factors of x.
97
Let y = 60139 - 41210. List the prime factors of y.
23, 823
Let k(a) = 1 - 4 + 8*a + 5*a**2 + a**3 + 13*a**2 + 13. List the prime factors of k(-13).
751
Let w(x) = x + 25. Let u(q) = -2*q - 9. Let y(n) = 5*n + 27. Let d(v) = 17*u(v) + 6*y(v). Let k be d(6). What are the prime factors of w(k)?
2, 5
Let g be (-6)/5*240/(-72). Suppose 3*h - 2*w = w + 828, g*h = -2*w + 1086. What are the prime factors of h?
3, 7, 13
Let q(y) = 2*y**2 + 66*y - 18. Let o be q(-33). List the prime factors of (-10 - 168/o)/((-2)/3912).
2, 163
Suppose 0 = 19*q + 6263 - 677. Let o = 335 + q. List the prime factors of o.
41
Let n = 31 + -31. Suppose 3*k + 135 - 177 = n. Let z(p) = p**2 - 3*p - 26. What are the prime factors of z(k)?
2
Let b = -65 + 67. Let n(w) = 94*w**2 + w - 2. List the prime factors of n(b).
2, 47
Let a(g) = -328*g**3 + g**2 + 8*g + 8. Let h be a(-1). What are the prime factors of h/7*(1 - 0)?
47
Let o(p) = 9*p**3 + 8*p**3 - 15*p + 3*p - 16*p**3 + 7. Let b = 39 - 33. What are the prime factors of o(b)?
151
Let a(y) = -y**2 + 12 - 20*y + 11 + 18 - 6. Suppose 386*c - 380*c = -102. List the prime factors of a(c).
2, 43
Let u = 13682 + -9287. What are the prime factors of u?
3, 5, 293
Let f = -902 + 806. What are the prime factors of 303/(6*(-6)/f)?
2, 101
Let a = 7859 + -4816. List the prime factors of a.
17, 179
Suppose 69*m + 55 = 80*m. Suppose x + 6138 = m*j, j - 3*x - 744 = 478. What are the prime factors of j?
2, 307
Let g(j) = -22*j - 412. List the prime factors of g(-22).
2, 3
Let n = 29 + -21. Let m(y) = y**2 - 8*y + 1. Let w be m(n). What are the prime factors of 2/(-1 - w) - (-23 - -5)?
17
Suppose 168*s + 12316545 = 463*s. What are the prime factors of s?
3, 4639
Let p(o) = -2*o**3 + 32*o**2 + 112*o + 254. List the prime factors of p(-24).
2, 139, 157
Suppose -49*c + 7923 = -52*c. What are the prime factors of (-34)/170 - c/5?
2, 3, 11
Suppose 19279 + 24864 = 2*f + y, 3*f = -2*y + 66212. List the prime factors of f.
2, 3, 13, 283
Let n(h) = -h - 55. Let l be n(-38). List the prime factors of 85/l - 522/(-1).
11, 47
Let b be 4/5*(5170/4 - 10). Suppose -26*q = -8*q - b. List the prime factors of q.
3, 19
Let s = 598 - 595. Suppose s*d + 2*j - 5832 = 0, j = 3*d + 6*j - 5823. What are the prime factors of d?
2, 7, 139
Let r(o) = 2*o**2 + 11*o + 144. Let z be r(-7). Let j = z - 142. What are the prime factors of j?
23
Suppose 11 = 2*g - h, g - 3 = h + 3. Suppose u = 3*m + 167 + 153, 0 = -2*u + g*m + 635. What are the prime factors of u?
5, 61
Let l(k) = k**2 + 13*k + 15. Let q be l(-12). What are the prime factors of -104*((-342)/24)/q?
2, 13, 19
Let c be 6/39 - 3/((-78)/646). Let p be (c/(-10))/(-5) + (-3)/(-2). Suppose 390 = -2*y + 4*y - p*h, -744 = -4*y - 5*h. List the prime factors of y.
191
Let o be (-127)/(10/8 - 1). Let b = o + 1318. List the prime factors of b.
2, 3, 5
Suppose 0*d - 5*d + 30 = 0. List the prime factors of (d - 7)*(0 + -51 + 1).
2, 5
Let y(r) = 5*r**2 - 96*r - 537. What are the prime factors of y(63)?
2, 3, 5, 13, 17
Let f be (-1*250)/((-28)/(-28)). Let o = f + 601. List the prime factors of o.
3, 13
Suppose 5*k - 206795 = -5*q, -5*q + 82709 = -107*k + 109*k. List the prime factors of k.
2, 20681
Let v = -305 - -337. Let k = v + 1645. What are the prime factors of k?
3, 13, 43
Suppose -3*m - 3 = 0, -4*k - 115 = -2*m - 453. What are the prime factors of (1*-49 - 2)*(-952)/k?
2, 17
Suppose -3325030 = -108*a + 3181322. What are the prime factors of a?
2, 15061
Suppose -27984 = -5*z - 2*c, -2*z + 6*c = -2*c - 11132. What are the prime factors of z?
2, 2797
Let b(n) = -n**3 - n**2 + 10*n - 2. Let l be b(11). Let p be l/(-27) + (-4)/(-18). What are the prime factors of p - -3*4/(-3)?
2, 23
Let g(p) = -4 + 12 - 20 - 18*p + 6*p. Let j be g(2). Let b = 87 + j. What are the prime factors of b?
3, 17
Let j(z) = -469*z - 1050. What are the prime factors of j(-15)?
3, 5, 7, 19
Suppose -19*n + 17*n = 28*n - 70020. What are the prime factors of n?
2, 3, 389
Suppose -4*k + 1 = -4*h - 63, 0 = 3*k - 5*h - 48. Let m(q) = 45*q**2 + 5*q - 59 - 43*q**2 + 16 - k. List the prime factors of m(-9).
2, 29
Let m(f) = -f**2 - 16*f - 3. Let t be m(-10). Let z = 395 - t. List the prime factors of z.
2, 13
Suppose -5*g = -5*y + 1350, 3*g = 4*y - 742 - 63. What are the prime factors of -1*(g - (-30)/5)?
269
Suppose -41 = -4*p + 4*c - 9, -4*p - 5*c = 13. Suppose n - q = 0, -6*q - 28 = 4*n - p*q. Let s(d) = -28*d + 1. List the prime factors of s(n).
113
Let j be (464/5)/(-6*(-4)/60). Suppose 4*w - 2908 = -5*a, -5*w + 8 = -2. Suppose j = 2*r + 3*y, 6*r - a = r - 3*y. List the prime factors of r.
2, 29
Let o(g) = -13*g**3 + 8*g**2 - 8*g - 52. Let h(w) = -12*w**3 + 8*w**2 - 7*w - 53. Let f(i) = -6*h(i) + 5*o(i). What are the prime factors of f(6)?
2, 647
Let n = -2 - 29. Let v(u) = -12*u + 55. List the prime factors of v(n).
7, 61
Let g(v) = 9*v + 508 - 396 - 271. List the prime factors of g(32).
3, 43
Suppose 25708 = 19*n - 976314. What are the prime factors of n?
2, 7, 3767
Suppose -30*t = -35*t + 1445. Let q = 522 - t. List the prime factors of q.
233
Let l(a) = a**3 + 5*a**2 - 11*a + 21. Suppose 5*r + 47 = -0*r + 3*k, -4 = -k. Let j be l(r). Suppose j = -11*f + 8*f + 564. What are the prime factors of f?
2, 47
Let z(u) = -8*u - 30. Let h be z(-8). Let i = h + -29. Suppose 4*j + 72 = i*j. List the prime factors of j.
2, 3
Let m be -16*(1 + (-9)/(-4)). Let a = m + 56. Suppose 5*r - 311 = -a*n, -2*r = 3*r + 5*n - 310. List the prime factors of r.
3, 7
Let d(b) = -1148*b**3 + 2*b**2 - 5*b - 8. List the prime factors of d(-2).
2, 4597
Let f(r) = -177*r**2 - 5*r - 4. Let h be f(-1). Let v = h - -236. What are the prime factors of v?
2, 3, 5
Let g(z) = 19*z**3 - 9*z**2 + 14*z + 4. What are the prime factors of g(5)?
2, 139
Let z be (1/(-1))/((-12)/(-9468)). Let d = z + 1141. List the prime factors of d.
2, 11
Let t(f) = 386*f**2 - 71*f - 146. What are the prime factors of t(-14)?
2, 73, 131
Let i = 240 - -62. Suppose 2*k + 3*k - i = -p, -1208 = -4*p - 5*k. List the prime factors of p.
2, 151
Let t(l) = -2392*l**2 + 5*l. Let p(c) = 1196*c**2 - 2*c. Let x(u) = 5*p(u) + 2*t(u). List the prime factors of x(1).
2, 13, 23
Let o(p) = 362 + 3*p - 125 + 260*p**2 - 121 - 120. List the prime factors of o(1).
7, 37
Let y(h) be the first derivative of -7*h**2 + 233*h - 226. List the prime factors of y(-40).
13, 61
Suppose 0*l - 110 = 5*l + 3*v, l = -5*v - 44. Let a = l + 24. Suppose s + 2*z = 44, 3*s + a*z - 147 = 4*z. List the prime factors of s.
2, 5
Suppose 0 = -83*v + 84*v - 48. Suppose -1 = -3*r - 2*n - 3, r - 14 = 3*n. Suppose -g + v = r*g. List the prime factors of g.
2
Let n be (-7 + 9)*1/2. Let p be 1598 + n - (-12)/12. List the prime factors of ((-12)/5)/((-24)/p).
2, 5
Let y = -1894 - -2864. Let i = y + -259. Suppose 251 = -5*u + i. What are the prime factors of u?
2, 23
Suppose -4*s = 3*v - 15626, -5*v - 4*s + 30146 - 4116 = 0. List the prime factors of v.
2, 3, 17
Let a = 87 - 67. Suppose 2*l = -q - a, 5*q + 176 = -l + 58. What are the prime factors of ((-12)/q)/(2/36)?
3
Let b(v) = -524*v + 9959. List the prime factors of b(-48).
35111
Let k(b) = -57*b - 3152. List the prime factors of k(-82).
2, 761
Suppose 0 = 3*a + 5628 - 25899. List the prime factors of a.
29, 233
Let k(t) = -910*t - 4. Let o(u) = -1821*u - 7. Let l(c) = 5*k(c) - 2*o(c). List the prime factors of l(-1).
2, 11, 41
Let g(q) = -2*q**2 + 28*q + 4. Let d be g(14). Suppose -1203 = -d*f + 973. Suppose -89 + f = 5*u. List the prime factors of u.
7, 13
Let a = 98 + 103. Let m(u) = -u**2 - 15*u + 39. Let y be m(-22). Let r = y + a. What are the prime factors of r?
2, 43
Suppose -4*f + 44 = 2*k + 3*k, 4*f - 4 = 5*k. Suppose 6*x = 3*y + 3*x + f, -3*y = 4*x - 22. Suppose y*h + 230 = 7*h. List the prime factors of h.
2, 23
Let y be (-947)/(-2) + (-1)/2. Let j = 55 - -31. Suppose j = -9*l + y. List the prime